Let l = -78 - -86. Let f(i) = -11*i + 6 + 1 + 14 + l*i. Let x be f(-3). What is the highest common divisor of x and 60?
30
Let a be -2 + 0 + -6 + 3. Let m be (a/(-5) + 12)/(-1). Let p be (-93)/m - 36/234. What is the greatest common divisor of p and 14?
7
Let z(x) = -45*x. Let y be z(-3). Let w(u) = -2*u + 55. Let k be 1/(-2)*-44 - 8/4. Let a be w(k). Calculate the greatest common factor of a and y.
15
Suppose 371 = 2*f - 5*y, 1310*f - 1307*f + 2*y - 604 = 0. Suppose -5*c + 2*c + 3 = 0. Let k be (c*3)/(9/66). Calculate the highest common factor of f and k.
22
Let v(l) = l**3 - 7*l**2 - 8*l + 8. Let t be v(8). Let r(f) = 2*f**3 - 12*f**2 + 3*f - 25. Let m be r(9). Calculate the highest common divisor of t and m.
8
Let c be (18/(-189)*30 + 8)*693. What is the highest common factor of 432 and c?
108
Suppose 3*j - 1328 = 4*c - 318, 342 = j + 4*c. What is the greatest common factor of 2 and j?
2
Let s = 1950 + -1726. Calculate the greatest common divisor of s and 14.
14
Let g(s) = -402*s + 6567. Let i be g(16). What is the highest common factor of i and 5076?
27
Let b = 54 - -142. Suppose 29 + 111 = -k. Let o = k + b. Calculate the greatest common factor of 140 and o.
28
Suppose -3*w + 0*w = -19*w + 54800. What is the highest common factor of w and 25?
25
Suppose 1478 - 16268 = -29*j. Calculate the highest common factor of 138 and j.
6
Let u = 12863 - 12338. Calculate the greatest common factor of u and 1365.
105
Let h(r) = 179*r + 1100. Let n be h(-6). Calculate the highest common factor of 559 and n.
13
Suppose -312*o = -323*o + 2277. What is the greatest common divisor of o and 161?
23
Let i be (-2 + 3 - 2) + -2. Let j be i/(-18) + (-665)/(-42). Suppose -u + 101 = 21. Calculate the greatest common factor of j and u.
16
Let x(s) = 31*s**3 + 4*s**2 + 6*s + 4. Let w be x(-2). Let p = w - -249. Calculate the greatest common factor of 45 and p.
9
Suppose -2 = -4*i - 2*y, -3*i - 16*y = -17*y + 1. Suppose -3*d = 5*c - 124, i = -c - d + 20 + 4. Calculate the highest common divisor of c and 26.
26
Suppose 17*w - 2*w - 93 = m, -12 = 4*m. Suppose -2*a - 372 = -4*a. What is the highest common divisor of a and w?
6
Let d(x) = 3*x**2 - 17*x + 18. Let o = -68 - -74. Let f be d(o). Calculate the greatest common divisor of 40 and f.
8
Let u = 36 + 1. Suppose -35 = -3*x + u. Let c = -29 + 65. What is the highest common divisor of c and x?
12
Suppose 0 = 9*j + 160 - 52. Let i be -4 + (-115)/(-30) - 98/j. Let f be i/(-6)*(-30 - 0). Calculate the highest common divisor of 8 and f.
8
Let j(k) = k**3 + 6*k. Let f(h) = 58 - 2*h**2 - 34 - 29 + 10*h. Let d be f(4). Let b be j(d). What is the highest common divisor of b and 9?
9
Suppose -6*i + 5573 - 384 + 4057 = 0. What is the highest common divisor of i and 67?
67
Suppose -3*o - s = -4*o + 949, -6*s + 42 = 0. What is the greatest common factor of 32 and o?
4
Let c(t) = 125*t - 865. Let u be c(7). What is the greatest common divisor of 215 and u?
5
Suppose 36*t = 967 + 1373. Let s be 18/(-135) - 784/(-30). What is the highest common factor of s and t?
13
Let x(s) = 6*s + 120. Let j be x(-16). Suppose 26*c = -w + j*c - 2, 2*w = 5*c + 41. What is the highest common factor of 6 and w?
2
Let m be (1086 + 14)/22 + 10. Let q be (-2)/(-4) - (-158)/4. What is the highest common factor of q and m?
20
Suppose -2*i - 7 = -3*f - 1436, -5*f + 1389 = 2*i. Calculate the greatest common divisor of 303 and i.
101
Let h = 23 - 21. Let o be (11 - -1)*h/4. Let r(k) = 2*k**3 - 4*k**2 - 5*k - 2. Let a be r(4). Calculate the highest common factor of o and a.
6
Suppose -4*y = -z - 123, -2*y + 3*z + 145 = 3*y. Let a = -4 + y. What is the greatest common factor of a and 12?
4
Suppose -5*s + 101*c - 100*c + 10945 = 0, -5*s + 10945 = 2*c. What is the greatest common factor of s and 44?
11
Let h = -550 + 953. Suppose -13*v + h = -325. Suppose 0 = -3*q + 105 - 21. What is the greatest common divisor of q and v?
28
Let y = 376 - 380. Let k be (-1070)/y*(-456)/(-190). What is the greatest common factor of 6 and k?
6
Suppose 26*g = 2492 + 2786. What is the highest common factor of 40397 and g?
203
Let w be ((-14)/(-6) - 0)/((-122)/(-366)). What is the greatest common factor of 164 and w?
1
Suppose 0 = -4*i + 2*y + 28, -i + 5*y + 28 - 12 = 0. Suppose -5*v = -i*v - 3, -n + 14 = v. Calculate the highest common factor of 17 and n.
17
Let j(h) = 35*h + 1640. Let z be j(-45). What is the highest common factor of 4160 and z?
65
Let a be 4 - 0 - (10 - (-4 + 13)). Let m be 59/a - (286/33 - 9). What is the highest common divisor of 100 and m?
20
Let h(p) = 149*p**2 - 163*p + 164. Let a be h(1). What is the greatest common divisor of a and 115?
5
Let l = 12 - 6. Suppose 0 = m - l*m - 0*m. Suppose s - 154 = -5*v, 3*v + 282 = 2*s - m*s. Calculate the greatest common factor of 16 and s.
16
Suppose 122449 + 1201559 = 259*q. Calculate the highest common factor of q and 142.
142
Let p be 1*(9/(-2))/((-3)/16). Suppose -n + k - 3 = 3*k, 4*n - k = p. Calculate the greatest common divisor of n and 5.
5
Let w = 67 - 22. Suppose 0 = 5*f + 2*d - 23, -8 + 32 = 5*f + d. Calculate the greatest common factor of w and f.
5
Suppose 5*j - 78*g = -82*g + 1920, -1536 = -4*j - 2*g. What is the highest common factor of 3 and j?
3
Let b = 629 - 549. Suppose -b*i = -70*i - 1330. Calculate the greatest common factor of 76 and i.
19
Let u be (-194872)/(-232) + (-6)/(-174). Calculate the highest common divisor of u and 1155.
105
Let x(t) = -4*t**3 + 7*t**2 + 5*t - 2. Let s be x(-3). What is the highest common divisor of s and 84?
14
Let x be 6 + (-12)/(-24) + 2/(-4). Suppose 0 = -x*k - 684 + 1608. What is the greatest common factor of 98 and k?
14
Let l(a) = 2*a**3 + 19*a**2 - 12*a - 6. Let n be l(-10). Let x(r) = 5 + 16 + 25*r + n - r**2. Let p be x(20). What is the highest common factor of p and 30?
15
Suppose -2*u = 3*u - 3*h - 6, 4*u - 3 = 3*h. Let b be 19 - (2 + u - 2). Let l be 80/(-3)*(-6)/4. What is the greatest common factor of l and b?
8
Suppose 8*b + r = 4*b + 34, -40 = -4*b + 2*r. Suppose 2*q - b = -2*o + 55, 4*o - 16 = 0. Calculate the greatest common factor of q and 42.
14
Let o = -42 - -32. Let k = -8 - o. Let y be 234/21*2 - k/7. What is the highest common factor of 154 and y?
22
Let m(j) = -j**3 - 18*j**2 + 39*j + 392. Let a be m(-19). Calculate the greatest common divisor of 41388 and a.
12
Let f(x) = -7*x + 11. Let v be f(-7). Suppose 0 = 3*g - v + 78. Let o = 31 + g. Calculate the greatest common factor of 175 and o.
25
Suppose -l + 7*o - 3*o + 100 = 0, 5*l + o = 584. Suppose 213 = -5*z + 3*g - 3, -3*z - l = 5*g. Let d = 54 + z. What is the highest common factor of d and 204?
12
Suppose -13*n - 11972 = -35840. Suppose -30*l - n = -39*l. Calculate the highest common divisor of l and 12.
12
Let f be (50/50)/(5/35). What is the highest common factor of 1351 and f?
7
Let v(p) = -15*p**3 + 5*p**2 - 30*p - 39. Let s be v(-16). Let f be ((-3)/6)/(-8 + s/7896). Calculate the highest common divisor of 12 and f.
12
Suppose i = -i - 10, -j - 3*i = -540. Let a be j/21 - -6 - (-12)/(-28). Calculate the highest common factor of 48 and a.
16
Let f(w) be the first derivative of -17*w**4/4 - 2*w**3/3 - w**2/2 - 27. Let x be f(-1). What is the highest common divisor of x and 256?
16
Suppose -2*v + 2*l + 290 = 0, 3*v + 5*l = 47 + 364. Calculate the highest common divisor of 6958 and v.
142
Let g(u) = 2*u**2 + 16*u + 20. Suppose -2*h - 3*h = -5*x + 65, 19 = -h + 3*x. Let q be g(h). What is the greatest common divisor of 80 and q?
20
Let j be 443*(3 + (-5 - -7)). Calculate the highest common factor of j and 5.
5
Suppose -4*i + 49 = x, 8*x + i + 161 = 13*x. What is the highest common factor of x and 1221?
33
Let f be (-1060)/424*84/(-5). Calculate the highest common factor of f and 282.
6
Let k be 432/96*(-1 + (1240 - -3)) - 3. What is the greatest common divisor of 342 and k?
114
Let p be -4 - (-602)/5 - (-33)/55. Suppose g - 229 = -2*g - 5*c, -3*g - 3*c = -231. What is the greatest common divisor of g and p?
39
Let c = -5369 - -5432. Calculate the highest common factor of c and 7980.
21
Let i be (-129)/((8160/(-64))/85). Let d(b) = 2*b. Let a be d(3). Calculate the greatest common factor of i and a.
2
Let w be -2*(-1 - (-12)/(-8)). Let g be (-8)/(-2) + 0 + 1. Calculate the highest common